{"id":162,"date":"2024-09-30T19:25:56","date_gmt":"2024-09-30T17:25:56","guid":{"rendered":"https:\/\/naturheilpraxis-beckmann.de\/?page_id=162"},"modified":"2025-01-01T18:06:39","modified_gmt":"2025-01-01T17:06:39","slug":"ueber-mich","status":"publish","type":"page","link":"https:\/\/naturheilpraxis-beckmann.de\/?page_id=162","title":{"rendered":"\u00dcber mich"},"content":{"rendered":"<div class=\"wpb-content-wrapper\"><p>[vc_row][vc_column icons_position=&#8220;left&#8220;][vc_empty_space alter_height=&#8220;medium&#8220; hide_on_mobile=&#8220;&#8220;][\/vc_column][\/vc_row][vc_row css_animation=&#8220;fadeInLeft&#8220;][vc_column width=&#8220;1\/2&#8243; icons_position=&#8220;left&#8220;][vc_empty_space alter_height=&#8220;small&#8220; hide_on_mobile=&#8220;&#8220;][vc_column_text css=&#8220;&#8220;]Mein Name ist Irene Beckmann, ich bin verheiratet und Mutter von drei Kindern. Ich komme aus Thedinghausen, einem Ort in der N\u00e4he von Bremen.<\/p>\n<p>Schon als Kind bin ich durch meine Eltern mit Naturheilkunde in Ber\u00fchrung gekommen. Ich bin mit Kr\u00e4utertees und Zwiebelsaft bei Erk\u00e4ltungen, Kohlwickeln bei Schmerzen und Breitwegerich bei Sch\u00fcrfwunden aufgewachsen und habe viele weitere Hausmittelchen wortw\u00f6rtlich am eigenen Leib erfahren d\u00fcrfen.<br \/>\nDurch mein pers\u00f6nliches Interesse an der Alternativmedizin, sp\u00e4ter selbst Mutter, habe ich meine Kinder oft bei Erk\u00e4ltungskrankheiten begleitet.[\/vc_column_text][vc_empty_space alter_height=&#8220;small&#8220; hide_on_mobile=&#8220;&#8220;][\/vc_column][vc_column width=&#8220;1\/2&#8243; icons_position=&#8220;left&#8220;][vc_empty_space alter_height=&#8220;small&#8220; hide_on_mobile=&#8220;&#8220;][vc_single_image image=&#8220;166&#8243; img_size=&#8220;full&#8220; alignment=&#8220;center&#8220; css=&#8220;&#8220;][\/vc_column][\/vc_row][vc_row css_animation=&#8220;fadeIn&#8220;][vc_column icons_position=&#8220;left&#8220;][vc_empty_space alter_height=&#8220;small&#8220; hide_on_mobile=&#8220;&#8220;][vc_column_text css=&#8220;&#8220;]Ich bin bereits mehrere Jahre als Kosmetikerin t\u00e4tig und habe in dieser Zeit viele Menschen kennenlernen d\u00fcrfen. Durch zahlreiche private Gespr\u00e4che, oft auch \u00fcber Krankengeschichten, habe ich bald festgestellt, dass mich medizinische Themen sehr interessieren und ich mehr \u00fcber die Entstehung von Krankheiten sowie deren Behandlung wissen m\u00f6chte.<\/p>\n<p><!-- \/wp:post-content --><!-- wp:paragraph -->Nachdem mein Wunsch lange gereift ist, habe ich mich im Jahr 2021 dazu entschlossen, Heilpraktikerin zu werden. Von Mai 2021 bis Oktober 2023 habe ich meine Heilpraktikerausbildung an der Freien Heilpraktikerschule in Bremen im Pr\u00e4senzunterricht absolviert.<\/p>\n<p><!-- \/wp:paragraph --><!-- wp:paragraph -->Im November 2023 habe ich die Heilpraktikerpr\u00fcfung in Hannover bestanden.<\/p>\n<p><!-- \/wp:paragraph --><!-- wp:paragraph -->Parallel zur Ausbildung und nach der bestandenen Pr\u00fcfung habe ich Fortbildungen in Ern\u00e4hrungsberatung, Phytotherapie, Aromatherapie, Vitalstofftherapie, u.a. abgeschlossen.[\/vc_column_text][\/vc_column][\/vc_row][vc_row][vc_column icons_position=&#8220;left&#8220;][vc_empty_space alter_height=&#8220;huge&#8220; hide_on_mobile=&#8220;&#8220;][\/vc_column][\/vc_row][vc_row css_animation=&#8220;slideInDown&#8220;][vc_column icons_position=&#8220;left&#8220;]<div id=\"sc_title_238041187\"\n\t\tclass=\"sc_title color_style_default sc_title_default\"><h6 class=\"sc_item_subtitle sc_title_subtitle sc_align_center sc_item_title_style_default\">Praxisgemeinschaft Neubruchhausen<\/h6><\/div><!-- \/.sc_title -->[vc_empty_space hide_on_mobile=&#8220;&#8220;][vc_column_text css=&#8220;&#8220;]<\/p>\n<p style=\"text-align: center;\">Gemeinsam mit Heilpraktikerin Juliane Schmidt teile ich die R\u00e4umlichkeiten in Hauptstra\u00dfe 8 in Bassum\/Neubruchhausen<\/p>\n<p>[\/vc_column_text][\/vc_column][\/vc_row][vc_row css_animation=&#8220;fadeIn&#8220;][vc_column width=&#8220;1\/2&#8243; icons_position=&#8220;left&#8220;][vc_empty_space alter_height=&#8220;medium&#8220; hide_on_mobile=&#8220;&#8220;][vc_single_image image=&#8220;446&#8243; img_size=&#8220;600&#215;350&#8243; alignment=&#8220;center&#8220; css=&#8220;&#8220;][\/vc_column][vc_column width=&#8220;1\/2&#8243; icons_position=&#8220;left&#8220;][vc_empty_space alter_height=&#8220;medium&#8220; hide_on_mobile=&#8220;&#8220;][vc_single_image image=&#8220;890&#8243; img_size=&#8220;600&#215;350&#8243; alignment=&#8220;center&#8220; css=&#8220;&#8220;][\/vc_column][\/vc_row][vc_row][vc_column icons_position=&#8220;left&#8220;][vc_empty_space alter_height=&#8220;medium&#8220; hide_on_mobile=&#8220;&#8220;][\/vc_column][\/vc_row][vc_row][vc_column icons_position=&#8220;left&#8220;][vc_empty_space alter_height=&#8220;medium&#8220; hide_on_mobile=&#8220;&#8220;][\/vc_column][\/vc_row]<\/p>\n<\/div>","protected":false},"excerpt":{"rendered":"<p>[vc_row][vc_column icons_position=&#8220;left&#8220;][vc_empty_space alter_height=&#8220;medium&#8220; hide_on_mobile=&#8220;&#8220;][\/vc_column][\/vc_row][vc_row css_animation=&#8220;fadeInLeft&#8220;][vc_column width=&#8220;1\/2&#8243; icons_position=&#8220;left&#8220;][vc_empty_space alter_height=&#8220;small&#8220; hide_on_mobile=&#8220;&#8220;][vc_column_text css=&#8220;&#8220;]Mein Name ist Irene Beckmann, ich bin verheiratet und Mutter von drei Kindern. Ich komme aus Thedinghausen, einem Ort in der N\u00e4he von Bremen. Schon als Kind bin ich durch meine Eltern mit Naturheilkunde in Ber\u00fchrung gekommen. Ich bin mit Kr\u00e4utertees und Zwiebelsaft bei Erk\u00e4ltungen, Kohlwickeln bei Schmerzen und Breitwegerich bei&hellip;<\/p>\n","protected":false},"author":2,"featured_media":0,"parent":0,"menu_order":0,"comment_status":"closed","ping_status":"closed","template":"","meta":{"footnotes":""},"class_list":["post-162","page","type-page","status-publish","hentry"],"_links":{"self":[{"href":"https:\/\/naturheilpraxis-beckmann.de\/index.php?rest_route=\/wp\/v2\/pages\/162","targetHints":{"allow":["GET"]}}],"collection":[{"href":"https:\/\/naturheilpraxis-beckmann.de\/index.php?rest_route=\/wp\/v2\/pages"}],"about":[{"href":"https:\/\/naturheilpraxis-beckmann.de\/index.php?rest_route=\/wp\/v2\/types\/page"}],"author":[{"embeddable":true,"href":"https:\/\/naturheilpraxis-beckmann.de\/index.php?rest_route=\/wp\/v2\/users\/2"}],"replies":[{"embeddable":true,"href":"https:\/\/naturheilpraxis-beckmann.de\/index.php?rest_route=%2Fwp%2Fv2%2Fcomments&post=162"}],"version-history":[{"count":20,"href":"https:\/\/naturheilpraxis-beckmann.de\/index.php?rest_route=\/wp\/v2\/pages\/162\/revisions"}],"predecessor-version":[{"id":924,"href":"https:\/\/naturheilpraxis-beckmann.de\/index.php?rest_route=\/wp\/v2\/pages\/162\/revisions\/924"}],"wp:attachment":[{"href":"https:\/\/naturheilpraxis-beckmann.de\/index.php?rest_route=%2Fwp%2Fv2%2Fmedia&parent=162"}],"curies":[{"name":"wp","href":"https:\/\/api.w.org\/{rel}","templated":true}]}}