{"id":562,"date":"2024-12-17T19:16:54","date_gmt":"2024-12-17T18:16:54","guid":{"rendered":"https:\/\/naturheilpraxis-beckmann.de\/?page_id=562"},"modified":"2025-01-01T18:36:10","modified_gmt":"2025-01-01T17:36:10","slug":"nahrungsmittelunvertraeglichkeiten","status":"publish","type":"page","link":"https:\/\/naturheilpraxis-beckmann.de\/?page_id=562","title":{"rendered":"Nahrungsmittelunvertr\u00e4glichkeiten"},"content":{"rendered":"<div class=\"wpb-content-wrapper\"><p>[vc_row css_animation=&#8220;none&#8220;][vc_column icons_position=&#8220;left&#8220;][\/vc_column][\/vc_row][vc_row css_animation=&#8220;fadeInLeft&#8220;][vc_column width=&#8220;1\/2&#8243; icons_position=&#8220;left&#8220;][vc_empty_space alter_height=&#8220;medium&#8220; hide_on_mobile=&#8220;&#8220;][vc_column_text css=&#8220;&#8220;]<\/p>\n<p>Im Gegensatz zu Nahrungsmittelallergien, bei denen das Immunsystem auf bestimmte Lebensmittel reagiert, handelt es sich bei Nahrungsmittelunvertr\u00e4glichkeiten um Verdauungs- oder Stoffwechselst\u00f6rungen. Die betroffenen Nahrungsmittel k\u00f6nnen im K\u00f6rper nicht richtig verarbeitet werden, was zu verschiedenen Beschwerden f\u00fchrt. Diese reichen von Magen-Darm-Problemen bis hin zu Hautreaktionen und sogar Migr\u00e4ne.<\/p>\n<p>[\/vc_column_text][\/vc_column][vc_column width=&#8220;1\/2&#8243; icons_position=&#8220;left&#8220;][vc_empty_space alter_height=&#8220;small&#8220; hide_on_mobile=&#8220;&#8220;][vc_single_image image=&#8220;566&#8243; img_size=&#8220;500&#215;300&#8243; alignment=&#8220;center&#8220; css=&#8220;&#8220;][vc_empty_space alter_height=&#8220;medium&#8220; hide_on_mobile=&#8220;&#8220;][\/vc_column][\/vc_row][vc_row css_animation=&#8220;fadeIn&#8220;][vc_column icons_position=&#8220;left&#8220;][vc_column_text css=&#8220;&#8220;]<!-- \/wp:post-content --><\/p>\n<p><!-- wp:paragraph --><strong>H\u00e4ufige Nahrungsmittelunvertr\u00e4glichkeiten:<\/strong><\/p>\n<!-- \/wp:paragraph -->\n<!-- wp:list {\"ordered\":true} -->\n<ol class=\"wp-block-list\">\n<li style=\"list-style-type: none;\">\n<ol class=\"wp-block-list\"><!-- wp:list-item --><\/p>\n<li><strong>Laktoseintoleranz<\/strong><\/li>\n<\/ol>\n<\/li>\n<\/ol>\n<!-- \/wp:list-item --><!-- \/wp:list -->\n<!-- wp:list -->\n<ul class=\"wp-block-list\">\n<li style=\"list-style-type: none;\">\n<ul class=\"wp-block-list\"><!-- wp:list-item --><\/p>\n<li><strong>Ursache<\/strong>: Mangel an Laktase, dem Enzym, das Milchzucker abbaut.<\/li>\n<!-- \/wp:list-item -->\n<!-- wp:list-item -->\n<li><strong>Symptome<\/strong>: Bl\u00e4hungen, Bauchschmerzen, \u00dcbelkeit nach dem Konsum von Milchprodukten.<\/li>\n<!-- \/wp:list-item -->\n<!-- wp:list-item -->\n<li><strong>Behandlung<\/strong>: Laktosefreie Alternativen und naturheilkundliche Ans\u00e4tze zur Unterst\u00fctzung der Verdauung.<\/li>\n<\/ul>\n<\/li>\n<\/ul>\n<!-- \/wp:list-item --><!-- \/wp:list -->\n<!-- wp:list {\"ordered\":true,\"start\":2} -->\n<ol class=\"wp-block-list\" start=\"2\">\n<li style=\"list-style-type: none;\">\n<ol class=\"wp-block-list\" start=\"2\"><!-- wp:list-item --><\/p>\n<li><strong>Fruktoseintoleranz<\/strong><\/li>\n<\/ol>\n<\/li>\n<\/ol>\n<!-- \/wp:list-item --><!-- \/wp:list -->\n<!-- wp:list -->\n<ul class=\"wp-block-list\">\n<li style=\"list-style-type: none;\">\n<ul class=\"wp-block-list\"><!-- wp:list-item --><\/p>\n<li><strong>Ursache<\/strong>: Schwierigkeiten beim Abbau von Fruktose (Fruchtzucker).<\/li>\n<!-- \/wp:list-item -->\n<!-- wp:list-item -->\n<li><strong>Symptome<\/strong>: Bauchkr\u00e4mpfe, Durchfall, Bl\u00e4hungen nach dem Verzehr von Obst oder fruktosehaltigen Lebensmitteln.<\/li>\n<!-- \/wp:list-item -->\n<!-- wp:list-item -->\n<li><strong>Behandlung<\/strong>: Individuelle Ern\u00e4hrungsempfehlungen und Entgiftung des K\u00f6rpers.<\/li>\n<\/ul>\n<\/li>\n<\/ul>\n<!-- \/wp:list-item --><!-- \/wp:list -->\n<!-- wp:list {\"ordered\":true,\"start\":3} -->\n<ol class=\"wp-block-list\" start=\"3\">\n<li style=\"list-style-type: none;\">\n<ol class=\"wp-block-list\" start=\"3\"><!-- wp:list-item --><\/p>\n<li><strong>Histaminintoleranz<\/strong><\/li>\n<\/ol>\n<\/li>\n<\/ol>\n<!-- \/wp:list-item --><!-- \/wp:list -->\n<!-- wp:list -->\n<ul class=\"wp-block-list\">\n<li style=\"list-style-type: none;\">\n<ul class=\"wp-block-list\"><!-- wp:list-item --><\/p>\n<li><strong>Ursache<\/strong>: Unzureichender Abbau von Histamin, das in bestimmten Lebensmitteln enthalten ist.<\/li>\n<!-- \/wp:list-item -->\n<!-- wp:list-item -->\n<li><strong>Symptome<\/strong>: Kopfschmerzen, Hautreaktionen, Magen-Darm-Beschwerden nach dem Verzehr histaminreicher Lebensmittel.<\/li>\n<!-- \/wp:list-item -->\n<!-- wp:list-item -->\n<li><strong>Behandlung<\/strong>: Entlastung des K\u00f6rpers und Unterst\u00fctzung des Verdauungssystems durch naturheilkundliche Therapien.<\/li>\n<\/ul>\n<\/li>\n<\/ul>\n<!-- \/wp:list-item --><!-- \/wp:list -->\n<!-- wp:list {\"ordered\":true,\"start\":4} -->\n<ol class=\"wp-block-list\" start=\"4\">\n<li style=\"list-style-type: none;\">\n<ol class=\"wp-block-list\" start=\"4\"><!-- wp:list-item --><\/p>\n<li><strong>Glutenempfindlichkeit<\/strong><strong> (nicht-<\/strong><strong>z\u00f6liakische<\/strong><strong> Glutenintoleranz)<\/strong><\/li>\n<\/ol>\n<\/li>\n<\/ol>\n<!-- \/wp:list-item --><!-- \/wp:list -->\n<!-- wp:list -->\n<ul class=\"wp-block-list\">\n<li style=\"list-style-type: none;\">\n<ul class=\"wp-block-list\"><!-- wp:list-item --><\/p>\n<li><strong>Ursache<\/strong>: Empfindlichkeit gegen\u00fcber Gluten ohne entz\u00fcndliche Reaktionen wie bei der Z\u00f6liakie.<\/li>\n<!-- \/wp:list-item -->\n<!-- wp:list-item -->\n<li><strong>Symptome<\/strong>: Verdauungsst\u00f6rungen, M\u00fcdigkeit, Kopfschmerzen nach dem Verzehr von glutenhaltigen Lebensmitteln.<\/li>\n<!-- \/wp:list-item -->\n<!-- wp:list-item -->\n<li><strong>Behandlung<\/strong>: Sanfte Heilmethoden, um die Verdauung zu regulieren und die Lebensqualit\u00e4t zu verbessern.<\/li>\n<\/ul>\n<\/li>\n<\/ul>\n<!-- \/wp:list-item --><!-- \/wp:list -->\n<p><!-- wp:paragraph --><strong>Symptome erkennen und verstehen<\/strong><\/p>\n<!-- \/wp:paragraph -->\n<p><!-- wp:paragraph -->Nahrungsmittelunvertr\u00e4glichkeiten \u00e4u\u00dfern sich unterschiedlich, je nach betroffenem Lebensmittel und individueller Reaktion. Zu den h\u00e4ufigsten Symptomen geh\u00f6ren:<\/p>\n<!-- \/wp:paragraph -->\n<!-- wp:list -->\n<ul class=\"wp-block-list\">\n<li style=\"list-style-type: none;\">\n<ul class=\"wp-block-list\"><!-- wp:list-item --><\/p>\n<li>Magen-Darm-Beschwerden wie Bl\u00e4hungen, V\u00f6llegef\u00fchl und Durchfall<\/li>\n<!-- \/wp:list-item -->\n<!-- wp:list-item -->\n<li>Hautprobleme wie Ausschl\u00e4ge, R\u00f6tungen oder Juckreiz<\/li>\n<!-- \/wp:list-item -->\n<!-- wp:list-item -->\n<li>Kopfschmerzen oder Migr\u00e4ne<\/li>\n<!-- \/wp:list-item -->\n<!-- wp:list-item -->\n<li>M\u00fcdigkeit, Ersch\u00f6pfung und Konzentrationsst\u00f6rungen<\/li>\n<!-- \/wp:list-item -->\n<!-- wp:list-item -->\n<li>Reizbarkeit oder Unwohlsein nach dem Essen<\/li>\n<\/ul>\n<\/li>\n<\/ul>\n<!-- \/wp:list-item --><!-- \/wp:list --><!-- \/wp:paragraph -->\n<p>&nbsp;<\/p>\n<p>[\/vc_column_text][\/vc_column][\/vc_row][vc_row css_animation=&#8220;fadeInRight&#8220;][vc_column width=&#8220;1\/2&#8243; icons_position=&#8220;left&#8220;][vc_empty_space hide_on_mobile=&#8220;&#8220;][vc_single_image image=&#8220;939&#8243; img_size=&#8220;full&#8220; alignment=&#8220;center&#8220; css=&#8220;&#8220;][\/vc_column][vc_column width=&#8220;1\/2&#8243; icons_position=&#8220;left&#8220;][vc_empty_space alter_height=&#8220;large&#8220; hide_on_mobile=&#8220;&#8220;][vc_column_text css=&#8220;&#8220; el_id=&#8220;reizdarm-small&#8220;]<\/p>\n<p>Wenn Sie eines dieser Symptome regelm\u00e4\u00dfig erleben, k\u00f6nnte eine Nahrungsmittelunvertr\u00e4glichkeit vorliegen. In unserer Naturheilpraxis bieten wir eine umfassende Beratung und ganzheitliche Diagnostik, um die Ursache Ihrer Beschwerden zu finden.<\/p>\n<p>[\/vc_column_text][vc_empty_space alter_height=&#8220;medium&#8220; hide_on_mobile=&#8220;&#8220;][\/vc_column][\/vc_row]<\/p>\n<\/div>","protected":false},"excerpt":{"rendered":"<p>[vc_row css_animation=&#8220;none&#8220;][vc_column icons_position=&#8220;left&#8220;][\/vc_column][\/vc_row][vc_row css_animation=&#8220;fadeInLeft&#8220;][vc_column width=&#8220;1\/2&#8243; icons_position=&#8220;left&#8220;][vc_empty_space alter_height=&#8220;medium&#8220; hide_on_mobile=&#8220;&#8220;][vc_column_text css=&#8220;&#8220;] Im Gegensatz zu Nahrungsmittelallergien, bei denen das Immunsystem auf bestimmte Lebensmittel reagiert, handelt es sich bei Nahrungsmittelunvertr\u00e4glichkeiten um Verdauungs- oder Stoffwechselst\u00f6rungen. Die betroffenen Nahrungsmittel k\u00f6nnen im K\u00f6rper nicht richtig verarbeitet werden, was zu verschiedenen Beschwerden f\u00fchrt. Diese reichen von Magen-Darm-Problemen bis hin zu Hautreaktionen und sogar Migr\u00e4ne. [\/vc_column_text][\/vc_column][vc_column width=&#8220;1\/2&#8243; icons_position=&#8220;left&#8220;][vc_empty_space alter_height=&#8220;small&#8220;&hellip;<\/p>\n","protected":false},"author":2,"featured_media":0,"parent":0,"menu_order":0,"comment_status":"closed","ping_status":"closed","template":"","meta":{"footnotes":""},"class_list":["post-562","page","type-page","status-publish","hentry"],"_links":{"self":[{"href":"https:\/\/naturheilpraxis-beckmann.de\/index.php?rest_route=\/wp\/v2\/pages\/562","targetHints":{"allow":["GET"]}}],"collection":[{"href":"https:\/\/naturheilpraxis-beckmann.de\/index.php?rest_route=\/wp\/v2\/pages"}],"about":[{"href":"https:\/\/naturheilpraxis-beckmann.de\/index.php?rest_route=\/wp\/v2\/types\/page"}],"author":[{"embeddable":true,"href":"https:\/\/naturheilpraxis-beckmann.de\/index.php?rest_route=\/wp\/v2\/users\/2"}],"replies":[{"embeddable":true,"href":"https:\/\/naturheilpraxis-beckmann.de\/index.php?rest_route=%2Fwp%2Fv2%2Fcomments&post=562"}],"version-history":[{"count":4,"href":"https:\/\/naturheilpraxis-beckmann.de\/index.php?rest_route=\/wp\/v2\/pages\/562\/revisions"}],"predecessor-version":[{"id":940,"href":"https:\/\/naturheilpraxis-beckmann.de\/index.php?rest_route=\/wp\/v2\/pages\/562\/revisions\/940"}],"wp:attachment":[{"href":"https:\/\/naturheilpraxis-beckmann.de\/index.php?rest_route=%2Fwp%2Fv2%2Fmedia&parent=562"}],"curies":[{"name":"wp","href":"https:\/\/api.w.org\/{rel}","templated":true}]}}